st common divisor of j and z?
7
Suppose -2*q + 2*t - 22 = 0, -5*q - 2*t - 19 = 2*t. Let z = q + 7. Suppose -3*k + 132 = -z*k. Calculate the greatest common divisor of k and 11.
11
Suppose -4 - 32 = -c + 4*u, u = -3*c + 56. What is the highest common factor of c and 50?
10
Suppose -4*i + i + 2*y + 508 = 0, 2*i + y = 334. What is the greatest common factor of 24 and i?
24
Suppose 3*n = -d + 314, 5*n + d + 4*d - 520 = 0. Calculate the highest common factor of n and 15.
15
Let l = 92 + -2. Let a(f) = 15*f. Let y be a(4). What is the highest common divisor of y and l?
30
Suppose 4 = -3*x + 70. Calculate the greatest common factor of x and 2.
2
Let v(h) = 2*h**2 + 2*h - 2. Let p be v(2). Let n = p + -4. Calculate the greatest common factor of 66 and n.
6
Suppose 6*k - 525 = k - 5*g, 210 = 2*k + 5*g. Suppose -2*a + 51 = -k. Calculate the greatest common factor of a and 26.
26
Suppose j + 5 = m + 6*j, -3*m = -4*j + 61. Let g = m - -27. Let r be (6/12)/(((-21)/288)/(-7)). Calculate the greatest common divisor of r and g.
12
Let m(v) = 2*v. Let d be m(5). Calculate the greatest common divisor of 30 and d.
10
Let j be -1*(-24 + -3 - -3). Suppose 4*d - 2*d = -5*g + j, 2*g = 5*d + 27. Calculate the highest common factor of g and 48.
6
Suppose -2*c + 3*c = 50. Suppose 0 = -4*g - g + c. What is the greatest common factor of g and 40?
10
Let s(k) = 3*k + 3. Let p be s(2). Calculate the greatest common factor of 3 and p.
3
Let y(f) be the second derivative of -f**4/12 + 5*f**3/3 + f**2 - 3*f. Let m be y(8). Calculate the highest common factor of 72 and m.
18
Let l = -3 - -6. Let j be l - (-1 + -1 + -2). Let d = -5 + j. What is the highest common divisor of d and 1?
1
Let x = -10 - 2. Let a(h) = -h**3 - 4*h**2 - 5*h + 1. Let f be a(-4). Let w = x + f. What is the highest common divisor of 90 and w?
9
Let f be (-3798)/(-63) - 2/7. Suppose 28 = 2*y + 3*a, 2*y + 0*y = 2*a + 48. What is the greatest common factor of f and y?
20
Let j = -25 - -28. Suppose 3*b = 7*b + 2*h - 262, j*b - 200 = -5*h. What is the greatest common divisor of 26 and b?
13
Let w be (36/10)/(24/60). What is the highest common divisor of w and 3?
3
Let s = 294 - 126. Calculate the highest common divisor of s and 21.
21
Suppose 14 - 2 = 3*f. Let n = -14 + 24. What is the greatest common divisor of n and f?
2
Suppose 2*y - 292 = -3*u - 2*y, 0 = -u - 2*y + 98. Let p = -10 + 16. Let l be ((-36)/14)/(p/(-28)). Calculate the highest common factor of l and u.
12
Suppose -3*x + 5*q = -110, 3*x - 4*q - 61 - 45 = 0. What is the highest common divisor of 75 and x?
15
Suppose 29 - 725 = 4*y. Let m be 3/3 - (-1 + y). What is the greatest common divisor of 16 and m?
16
Let d = -33 + 59. Suppose 3*v - 7 = d. Let o(g) = -3*g - 7. Let b be o(-6). What is the greatest common divisor of v and b?
11
Let b = -58 + 68. Calculate the highest common factor of 110 and b.
10
Suppose 4*d + 8 = 0, -26 = -2*u - 5*d + 14. What is the highest common divisor of u and 100?
25
Let u(n) = 15*n + 9. Let b be u(-8). Let d = -79 - b. Suppose -3*i + 5*x + 36 = -40, -i + d = -3*x. Calculate the greatest common divisor of 51 and i.
17
Let b(i) = 6*i**2 + i - 4. Let r be b(-4). What is the highest common factor of r and 11?
11
Let z = 104 + -92. What is the greatest common divisor of z and 18?
6
Let k be (-14)/4*200/(-70). Suppose u - 2*u - 3*r = -26, 5*u = 4*r + 92. Calculate the greatest common divisor of u and k.
10
Let z(i) = -3*i - 2. Let t be z(-24). Calculate the greatest common divisor of t and 14.
14
Suppose 0*l = -l + 1, -2*l = 2*f - 12. What is the highest common divisor of 3 and f?
1
Suppose 2*y - 5*q - 84 = 44, 0 = 2*y + 4*q - 128. Calculate the highest common divisor of 16 and y.
16
Let l = -13 + 16. Let o(m) = 5*m**3 - 2*m**2 + 1. Let z be o(2). What is the greatest common factor of l and z?
3
Let t(w) be the third derivative of w**5/15 + w**4/24 - 2*w**3/3 + 8*w**2. Let a be t(-2). What is the highest common divisor of a and 90?
10
Let j(r) = 3 + 1 - r + 1. Let i be j(-6). Let h(d) = 23*d - 2. Let z be h(2). What is the highest common divisor of z and i?
11
Let h be 6/4*(-42)/(-1). Suppose -3*t - b = -131, -t + 4 = 5*b - h. Let m be (-594)/(-21) + 2/(-7). Calculate the greatest common factor of t and m.
14
Let w = 4 + 2. Let y(a) = 12*a**2. Let x be y(2). Calculate the greatest common divisor of x and w.
6
Let n = -7 - -11. Suppose 2*a - 10 = -2*g - 0*a, 0 = -n*g - 3*a + 18. Calculate the greatest common factor of 2 and g.
1
Suppose -2*g + 6*z = z - 43, -4*g + 71 = -5*z. Calculate the highest common factor of 42 and g.
14
Suppose -5*m = -3 - 7. Suppose 0 = -2*p + l + 3, -3*p + 24 + 3 = 3*l. What is the highest common divisor of m and p?
2
Let h = 17 + -2. What is the highest common divisor of 165 and h?
15
Let f = -6 - -16. Suppose -12 = -f*z + 6*z. What is the greatest common factor of z and 27?
3
Suppose -w + 36 = 5*u - 0*w, 0 = 2*u + 2*w - 16. Calculate the highest common divisor of 7 and u.
7
Let h be (-4)/12 - (-20)/6. Suppose 0 = -5*c - 4*f + 19, -5*c + 5*f + h + 7 = 0. Let s be 18/c*(-11)/(-3). Calculate the greatest common divisor of 55 and s.
11
Suppose -3*d = -117 - 147. What is the greatest common factor of 22 and d?
22
Let g be (-64)/(-5) + 1/5. Suppose 15 = 3*d + 3. Suppose d*b - 242 = -0*v - 2*v, 5*b = -3*v + 361. What is the greatest common factor of v and g?
13
Let b(k) = -k. Let d be b(-2). Suppose 3*m + 62 + 69 = d*w, w - 53 = -m. What is the greatest common factor of w and 29?
29
Let v = -4 - -22. Suppose -3*z + 99 = v. What is the greatest common divisor of 3 and z?
3
Suppose l = -3*l + 3*n + 48, -52 = -4*l + 4*n. Let h(g) = 12*g + 2. Let u be h(l). What is the greatest common factor of 10 and u?
10
Suppose -5*f + 5*v = -339 - 171, 2*f - 202 = 3*v. Calculate the greatest common factor of f and 13.
13
Suppose m + 4*m = 0. Suppose -5*x = -m*x - 60. Calculate the highest common divisor of x and 2.
2
Let p(h) = 46*h**2 - h - 4. Let k be p(-3). Let v be -1 - ((-69)/1 - -1). Suppose 5*t = k + v. Calculate the greatest common divisor of 12 and t.
12
Let m(v) = 45*v**3 + 8*v + 7*v**2 + 5 + 0*v**2 - 46*v**3. Suppose -2*g + 9 + 7 = 0. Let h be m(g). Calculate the greatest common factor of 15 and h.
5
Suppose 3*a - 3*p + 12 = 0, 2*p - 10 = -0*a + 3*a. Let c = -237 - -387. Let t be (3/a)/((-5)/c). Calculate the highest common factor of 18 and t.
9
Let r be (2/(-4))/((-1)/12). Let q be 244/(-36) - 2/9. Let j be 16/(-56) + (-44)/q. What is the highest common factor of r and j?
6
Let c(r) = 2*r**2 - 5*r. Let b be c(-4). What is the highest common factor of b and 13?
13
Let o = 142 + -118. Calculate the greatest common factor of 30 and o.
6
Let k = 3 + -1. Let q(h) = -h**k + 2 - h - 5*h + 2. Let t be q(-4). What is the greatest common factor of 8 and t?
4
Let x(i) = i - 3. Let t be x(2). Let s = t - -21. Let l = 15 - -35. What is the highest common factor of l and s?
10
Suppose -4*u = m - 6, -5*u + 1 = -m - 2*u. Let q be ((-21)/m)/(1/(-6)). Calculate the greatest common factor of 42 and q.
21
Let c(m) = 2*m**2 - 13*m - 5. Let d be c(7). Calculate the greatest common divisor of d and 4.
2
Let n(t) = t - 6 + t - 5*t. Let o be n(-4). What is the highest common divisor of 48 and o?
6
Let a = 5 + -4. Suppose -2*g = -3*w - 30 - a, -4*g - 5*w + 51 = 0. Calculate the highest common divisor of g and 154.
14
Suppose -5*s + 27 = -3*w, 2*s - 5 = w + 5. Suppose -3*o - 5*v + 357 + 168 = 0, 4*o - s*v - 700 = 0. Calculate the highest common divisor of 25 and o.
25
Let h(f) = -f**3 - 2*f - 2. Let i be h(-2). Let p be (i/(-2) - -2)*-1. Let q be p/1*(-2 - -17). What is the highest common factor of 15 and q?
15
Suppose a + 4*h = 11 + 8, h - 8 = 3*a. Let l be 3/(-2)*32/a. Let x(p) = p**2 - 4*p - 6. Let d be x(6). Calculate the highest common factor of l and d.
6
Let p(d) = 7*d**3 + 2*d**2 - 3*d - 2. Let w be p(3). What is the greatest common factor of 49 and w?
49
Let x(c) = c**3 - 11*c**2 + 17*c + 19. Let p be x(9). Suppose -d - 5 = 4*d. Let k = d + p. What is the greatest common factor of 18 and k?
9
Suppose 0 = -2*q - 18 + 156. Calculate the greatest common divisor of q and 46.
23
Let p be (-4 - -41) + (-4)/(-2). Suppose 5*j - 37 - 28 = 0. Calculate the highest common divisor of j and p.
13
Suppose 0 = 3*n + 5*f - 101, -3*n - 2*